-2. Let m(g) = 3*g + 27. Let t be m(-7). Is (211/(-3))/(t/x) a composite number?
False
Suppose -2*y - 4815 - 7268 = -5*q, 3 = 3*y. Is q a prime number?
True
Is -37*((-7 - 5) + 1) composite?
True
Let o(a) = 8*a**2 - 2*a**2 + 4*a + 0*a**2 - 3. Suppose 7*u + 269 - 241 = 0. Is o(u) prime?
False
Let v(l) = l**3 + 12*l**2 + l - 3. Let g be v(-6). Let c(y) = 6*y**2 + 3*y + 2. Let o be c(-6). Suppose -w + o = -g. Is w a prime number?
False
Is 21/12 - 2638118/(-56) a composite number?
False
Suppose 32705 = 8*d + 23*d. Is d a composite number?
True
Let f = 50 - 62. Is 1592/(-6)*18/f composite?
True
Is -96 + 89 - (-1 - 9619) prime?
True
Let s(k) = k**3 + 3*k**2 - 4*k + 4. Let n be s(-4). Suppose d + 3*o + 3 = 8, -o + 19 = -n*d. Is (-3972)/(-18) - d/12 a prime number?
False
Is (6/18)/((52/157116)/13) prime?
True
Suppose -35*f = -15*f - 58540. Is f a prime number?
True
Suppose -3*c + 7*m - 2*m - 17 = 0, 10 = -2*c + 3*m. Suppose -4*s - c = -9. Suppose 3*b - 398 = -5*f, -s*b - 3*f + 396 = b. Is b a prime number?
True
Is (-10)/(-12) - (-8835365)/318 composite?
True
Suppose -2 + 17 = 5*p. Suppose -6*k = -p*k + 2*w - 73, 0 = -w + 5. Is ((-532)/k)/(2/(-3)) a prime number?
False
Let d = 18799 - 9212. Is d a prime number?
True
Is (56/(-112))/((-2)/37628) composite?
True
Let j(v) be the second derivative of -v**4/4 + v**3/3 - 11*v**2/2 + 4*v. Let n(p) = 3*p**2 - p + 11. Let h(b) = 2*j(b) + 3*n(b). Is h(8) a composite number?
False
Let x(z) = -z**2 + 11*z - 16. Suppose -2*d + 7*d = 45. Let v be x(d). Suppose v*f = 7*f - 1535. Is f a composite number?
False
Suppose -12 = -4*r, 2*f + 2*r - 8715 = -2111. Is f composite?
False
Let g be (1/(-2))/((-2)/(-36)). Let d(q) be the second derivative of -q**5/20 - 3*q**4/4 - 5*q**3/3 - 11*q**2/2 + q. Is d(g) a prime number?
True
Is -2*(-8 + 151415/(-22)) a composite number?
False
Let s = 5605 + -453. Suppose 4*a + 3*h = s, 3877 = 3*a - 5*h + 4*h. Is a a prime number?
True
Let s(z) = -9*z**3 - 3*z - 2. Let w be s(-1). Suppose 4*a + 0*o - o = -775, 0 = 2*o + w. Let f = 748 + a. Is f composite?
True
Let p(f) = -2*f + 8. Let g be p(3). Suppose g*s = 3*d - 1879, 3*s + 2*s = 3*d - 1867. Is d prime?
False
Let u(s) = 5*s**3 - 9*s**2 + 3*s - 1. Let m be u(7). Suppose 4*x - 366 = m. Is x a composite number?
True
Suppose 0*q - 15 = 3*q. Let p be (4/q)/(3/(-15)). Suppose -358 = -p*u + 102. Is u prime?
False
Let x(b) = 9*b**2 + 3*b - 3. Let g be x(-6). Suppose -g = 3*q - 102. Let d = -14 - q. Is d a prime number?
True
Let q be ((-12)/10)/((-8)/160). Suppose q = 4*v + 4, -3*v + 27 = 3*y. Is 557/y - 2/8 composite?
False
Let q be 6/(-5)*(-175)/5. Let v = q + 297. Suppose -v = 3*i - 6*i. Is i composite?
False
Suppose -5*i + 24835 = 5*y, 0 = -y + 4*i + 2165 + 2802. Is y composite?
False
Let z(w) = w + 204. Let l be z(0). Let j = 127 + l. Is j prime?
True
Let n(g) be the first derivative of 3*g**5/20 - g**3/2 + 5*g**2/2 - 6*g - 8. Let r(i) be the first derivative of n(i). Is r(2) a composite number?
False
Suppose -4*t = -2*d + 8, -d - 2*t - 2*t = 2. Suppose 0 = -d*l - 14 + 88. Is l a prime number?
True
Let c(j) be the second derivative of 2*j**5/5 - 2*j**4/3 - j**3/3 + 13*j**2/2 - 8*j. Is c(6) prime?
False
Let h(n) = n**2 + 10*n + 44. Let q be h(-6). Suppose 13285 = q*f - 15*f. Is f prime?
True
Suppose 0 = -3*t + s + 20, 21 = 3*t - 4*s - 14. Suppose -g - 3 = -t. Suppose 2*y - 3*j = 811, -841 = -2*y - 5*j + g*j. Is y composite?
True
Let v(y) = -13*y - 4. Let h(w) = -w + 1. Let j(x) = 6*h(x) + 2*v(x). Let z(i) = -i - 19. Let k be z(-7). Is j(k) a composite number?
True
Is (37 - 37) + 1*337 composite?
False
Suppose 104897 = 447*s - 434*s. Is s composite?
False
Let t(w) be the third derivative of w**5/60 + w**4/8 - 2*w**3 - 4*w**2. Let n be t(-8). Is 4/n - 636/(-7) prime?
False
Let i be (-395)/4 + (-2)/8. Is i/(-2)*(-6)/(-9) prime?
False
Suppose 2*w + 13217 = 5*a, -3*w + 5385 = 2*a + 102. Is a prime?
False
Suppose 0 = -43*c + 47*c - 29564. Is c a prime number?
False
Suppose 0*u + 2*u = -6, -1083 = 3*p + u. Let d = 545 + p. Is d a prime number?
False
Let s(b) = -3*b - 13. Let q be s(-9). Let i(d) = 4 - 3 + q*d + 27*d. Is i(2) prime?
True
Suppose -2*u + 2*o + 0*o = -274, 0 = -3*o - 9. Is u prime?
False
Let o(k) = -k**3 + 18*k**2 + k - 18. Let y be o(18). Suppose 3*a + 3893 = s - y*s, 4*a = 8. Is s a prime number?
False
Suppose b + 4*x - 8419 = 0, -b + x = -562 - 7837. Is b composite?
True
Let m(f) = f - 27. Let v be m(28). Is (v - 0)*9527/7 prime?
True
Let c be -52 + 53 - (-1214 + -1)*-1. Is ((-30)/(-6) - 2)/((-3)/c) a prime number?
False
Suppose 2*s + z - 13 = -0*s, -47 = -3*s + 4*z. Let w(b) = 11 + 11 + 3*b - 12 + 2. Is w(s) a prime number?
False
Let v = 9 - 7. Suppose v*f - 415 = 667. Is f composite?
False
Suppose 2*n - 15144 = -c + 1079, -4*n = -4. Is c a composite number?
True
Suppose f = g + 9, 3*f + 2*g - 2 = -0*f. Suppose 0 = f*x + x + 30. Is (-3)/x*(-2 + 400) a composite number?
False
Let w(d) = 234*d**2 - 28*d - 117. Is w(-13) prime?
False
Let v(i) = -i**3 - 7*i**2 - 21*i + 19. Let t be v(-10). Suppose -4*o = 2*b + 16, -2*o + 3*b - 12 = 5*b. Is (-2 - 0)/o*t prime?
False
Let r be ((-3)/(-4))/((-11)/(-9900)). Suppose -4*a = 5*q - r, 3*q = 4*q + 3*a - 146. Is q prime?
True
Let g(z) = -3318*z + 9. Is g(-1) a composite number?
True
Is (15 - (95996 - 15))/(2*-1) a prime number?
False
Let y = -151 + 566. Is y prime?
False
Suppose 165 = 13*h + 48. Is (-3)/h + (-54800)/(-24) a composite number?
True
Let w(t) = 245*t - 11. Let g be w(-3). Is (9/6)/(-3)*g a composite number?
False
Let u be (24/10)/((-24)/(-80)). Suppose 0 = -u*q + 129 + 2335. Let y = 521 - q. Is y prime?
False
Let l(d) = -3*d**3 - 30*d**2 + 29*d + 3. Is l(-25) prime?
False
Suppose 5*x = -4*z + 31 + 13, 0 = 3*x - 12. Suppose 0 = 8*a - 7*a - z. Is a a composite number?
True
Let q = -107 - -1270. Is q composite?
False
Let q(j) be the second derivative of 67*j**3/3 - 7*j**2/2 - 6*j. Is q(6) a prime number?
True
Suppose 9*x + 13 = -5. Let r(p) = -175*p**3 + p**2 + 5*p + 5. Is r(x) a prime number?
True
Suppose -12073 = -5*u - 3*m, 4*u - m = 3328 + 6344. Is u a prime number?
True
Let y(n) be the first derivative of -19*n**4/4 + n**2/2 - n + 8. Let k be y(-2). Suppose 546 - k = g. Is g composite?
False
Let m(n) = 9*n**2 - 45*n + 461. Is m(13) composite?
True
Let j = -29 + -737. Let p = 1581 + j. Is p a prime number?
False
Let a(m) = -44 + 113 - 3*m**2 + 5*m**2. Is a(0) a composite number?
True
Let f(h) = -h**3 - 7*h**2 + 10*h + 4. Let s be (-46)/6 + 3/(-9). Let c be f(s). Is (115/10)/((-2)/c) composite?
True
Suppose v - 11 = -1. Let o(i) = -i**3 + 9*i**2 + 8*i + 7. Let z be o(v). Let d = 24 + z. Is d composite?
False
Suppose -10*w - 15 = -55. Suppose -r + w = 0, 0 = x - 3*x - 4*r + 20. Is x a prime number?
True
Let k(j) = -2*j**2 - 1 + 11 + 3*j**2 + 9*j. Let g be k(-8). Suppose 0 = 3*t + g*t - 290. Is t composite?
True
Suppose 4*l + 218 = 2*y + 3*y, 5*y + 3*l - 204 = 0. Is (-21)/6*(-3912)/y a composite number?
True
Suppose -2785 = -6*l + 713. Is l composite?
True
Let j be (-8)/(-28) - (-5)/7. Let n(w) = 12*w - 2. Let u be n(j). Is ((-5)/u)/(3/(-762)) prime?
True
Suppose 4*t = 5*x - 42459, -2*x + 6*x = 5*t + 33969. Is x a prime number?
False
Suppose -8*c - 513 = 1223. Let x = 348 + c. Is x prime?
True
Suppose -4*x - 2*i + 166342 = 0, 124756 = -x + 4*x + i. Is x composite?
True
Let x be ((-8)/10)/((-4)/10). Suppose 5 + 11 = -8*v. Is (-257)/(v/4*x) composite?
False
Suppose 2*n + 4 = -4. Let w = n - -13. Suppose -w*b = -5*b - 1204. Is b composite?
True
Let y(l) = -1911*l + 32. Is y(-5) a composite number?
False
Suppose 2*a - 18 = -7*a. Is 924/3 + 6/a a prime number?
True
Suppose 0 = 30*m + 9062 - 61832. Is m a composite number?
False
Suppose -20*b + 9978 = -14*b. Is b prime?
True
Suppose -5*s - 203 = 477. Suppose x - 55 = -285. Let n = s - x. Is n a composite number?
True
Let r = 8 - 6. Suppose -r*s - 2*s + 280 = 0. Is (23 - 1)*s/20 composite?
True
Let u be 54*(1536/63 - (-8)/28). Is ((-1)/(4/(-5)))/(9/u) composite?
True
Let g(p) = -2147*p + 2. Let o be (-2)/4*1*(45 - 43). Is g(o) a prime number?
False
Let s(a) = 5341*a - 37. Is s(2) a prime number?
False
Suppose -4*v + 3*c + 1029 = -720, -3*v = 2*c - 1333. Suppose 5*g = -j + 236, -4*g + 551 = 4*j - v. Is j prime?
True
Let h(r) = -2*r + 14. Sup